nd w?
1
Suppose -2*r + 8620 = -3*h - 2*h, -4*r + 17192 = 2*h. Suppose r = -y + 11*y. What is the greatest common factor of 10 and y?
10
Let g be (-1 - 2 - (-9 + 1))/1. Let a(q) = 9 + 0 - 4*q**2 + 0 - g*q + q**3 + 0. Let r be a(5). What is the highest common divisor of 1 and r?
1
Suppose 58*g - 3873 = 2507. What is the greatest common factor of 2695 and g?
55
Let x(w) = -7*w + 101. Let n = -207 - -217. Let t be x(n). Calculate the greatest common factor of 1 and t.
1
Suppose 4*a = h + 2*a - 349, 2*a + 6 = 0. Let f(i) = -i**2 - 36*i - 131. Let d be f(-6). Calculate the greatest common factor of h and d.
49
Suppose 3*i - 66 = p, i - 5*p = 28 - 6. Let f = 69 + -47. What is the greatest common factor of i and f?
22
Let j be (-4)/6 + (-8216)/(-12). Let f = 15573 - 15537. Calculate the highest common factor of f and j.
36
Suppose 0*d + 5*d - 735 = 0. Let r be (-5)/(-4) - (-1 + (-25)/(-20)). Let u(i) = 48*i + 1. Let l be u(r). Calculate the greatest common divisor of l and d.
49
Let q be (-170149)/(-436) - 2/8. Calculate the greatest common divisor of q and 1326.
78
Let j(m) = 15*m - 2 - m**3 + 16*m**2 - 1 + 2 + 16. Let d be j(17). Let f = 20 + d. What is the greatest common factor of f and 5?
1
Suppose 16 = d - 2. Suppose 8*p - d = 262. Let r = -15 + p. What is the highest common factor of 30 and r?
10
Let g(i) = -180*i + 4668. Let j be g(0). Calculate the greatest common factor of j and 12.
12
Let i = 2272 + -260. Suppose -2*c - i = -6*c. Suppose c = 16*v - 217. What is the highest common factor of v and 27?
9
Suppose 3*c = -4*y + 293, -5*y + 1527 = 4*c + 1139. What is the greatest common factor of 6351 and c?
87
Let t be 145 + (-18 - -18)/(-4). Calculate the highest common factor of 406 and t.
29
Suppose -h - 71 = -4*a - 287, -4*a = 57*h - 11616. Calculate the highest common divisor of 492 and h.
12
Let y = -11345 + 14819. What is the highest common factor of 18 and y?
18
Let s = 788 + -536. Let n be (1 - -2)*((-1278)/(-54) + -5). Calculate the highest common divisor of n and s.
28
Let k = 2114 + -2050. Suppose 5*p - 72 = 2*p. What is the highest common divisor of p and k?
8
Let q(d) = -69*d - 2335. Let x be q(-35). Suppose -3*n - c = -53, -2*c - 2*c = -5*n + 60. What is the highest common divisor of n and x?
16
Let c = -2789 - -2843. Calculate the greatest common factor of 57 and c.
3
Suppose 10 = 2*n, 2*r = -2*n + 839 + 707. Calculate the highest common divisor of r and 78.
6
Suppose i = 4*w + 37 - 9, 28 = -2*w + 4*i. Let t be -5 + -5 + (-636)/w. What is the greatest common divisor of 224 and t?
32
Let l(m) = 93*m + 20. Let u be l(0). What is the greatest common divisor of u and 220?
20
Suppose 104 = -12*z - 196. Let c = 15 + z. Let y be (-812)/c + (-14)/70. Calculate the highest common divisor of 9 and y.
9
Suppose 1022 = 49*m - 47*m. Calculate the greatest common factor of 7 and m.
7
Let a be 10/(-40) - (1265/(-4))/5. Suppose g + 42 - 130 = 2*t, -a = -g - 3*t. What is the greatest common factor of 117 and g?
39
Let t = 3356 + 121. Calculate the greatest common divisor of 366 and t.
183
Let a(i) = -5*i - 15. Let v be a(-11). Let r be (63/(-12) - 3)/((-10)/v). Suppose 825 = 3*h + 2*h. Calculate the highest common factor of h and r.
33
Suppose 28 = -0*c + 2*c. Let k = 5751 + -5625. What is the highest common divisor of k and c?
14
Let r(w) = -81*w + 522. Let p be r(6). Let m be ((-18)/(-15))/(5/550). What is the greatest common factor of m and p?
12
Let k = 116 + -110. Let x be k + (-2 - (-2 - -2)). Suppose -12 + 100 = x*f. Calculate the greatest common factor of 176 and f.
22
Let c be 0 + 7/((-28)/(-20)). Suppose 0 = 4*u + c*y + 1, 3*u - 5*y = -3*y + 5. Let l = -27 - -40. What is the highest common divisor of u and l?
1
Let i(r) = -r**3 - 5*r**2 + 7*r - 5. Suppose 39 = -15*h - 66. Let o be i(h). Calculate the greatest common divisor of o and 55.
11
Let k = -17877 - -17913. What is the greatest common divisor of 7284 and k?
12
Suppose -63*i + 112*i = 66*i - 306544. What is the greatest common divisor of i and 32?
16
Let g(u) = 17*u**2 - 4*u - 29. Let a be g(-4). What is the greatest common factor of 851 and a?
37
Suppose 2046 = d - 549. Calculate the greatest common factor of 15 and d.
15
Let g(s) = 4*s + 13. Suppose 7*t - 4*t - 90 = 0. Let k = t + -30. Let v be g(k). What is the highest common divisor of 117 and v?
13
Let q = 64 - 54. Let t be (-921)/(-15) - 4/q. Let x = -34 + t. What is the greatest common factor of x and 54?
27
Let u = -116 + 171. Let t = 92 + u. Suppose j = -3*c + 71 + 31, -5*j + t = 4*c. What is the highest common factor of c and 165?
33
Let z(q) = 112*q - 8766. Let o be z(79). What is the highest common factor of 16687 and o?
41
Suppose 53 = -12*v - 31. Let t be (-8)/((-249)/(-36) + v). What is the greatest common factor of 8 and t?
8
Let s be (-9 - 6) + 2 + 203. Calculate the greatest common divisor of 209 and s.
19
Let t(i) = 89 - 11*i - 46 - 61 - i**2. Let u be t(-7). Let p(h) = 15*h + 18. Let l be p(u). What is the greatest common factor of 24 and l?
24
Let y(s) = -172*s + 54*s + 66*s - 8 + 61*s. Let f be y(16). Suppose 3*t - 55 = n, t = 5*t + 4*n - 52. What is the highest common divisor of f and t?
17
Let q be 2165 + 0 - (280 - 255). What is the greatest common divisor of 20 and q?
20
Let b(s) = 17*s + 46 - 25 - s**2 - 41 - 12. Let o be b(13). What is the greatest common divisor of o and 40?
20
Suppose -6*v + 22 = 5*v. Let g be ((-940)/(-5))/4 - v. What is the greatest common factor of 15 and g?
15
Let q(v) = v**2 + 132*v - 8660. Let k be q(49). What is the greatest common divisor of k and 781?
11
Let s = 103 + -135. Let h be 4/(s/364)*-2. Suppose -3*p + 45 = -5*f, 5*p - 4*f - h = -f. Calculate the greatest common divisor of p and 40.
20
Let j be 2/(-2) - 18/(-2). Let b(m) = 2*m + 21. Let d(k) = 5*k + 43. Let x(o) = 9*b(o) - 4*d(o). Let h be x(j). What is the highest common factor of h and 7?
1
Suppose 7*w - 5*w - 100 = 0. Let f(v) = 5*v - 8 - 3 + v**2 - 3 + 8*v. Let g be f(16). What is the highest common divisor of w and g?
50
Let r(s) = s - 8. Let w be r(7). Let u(g) = 3*g - 2. Let x be u(w). Let h(j) = -j + 3. Let l be h(x). Calculate the highest common divisor of 6 and l.
2
Suppose 9324 = 7252*o - 7246*o. What is the greatest common divisor of 1998 and o?
222
Suppose 3*b - 446 = 3*z + 1, -283 = -2*b + 5*z. Let h(a) = -5*a**2 + 54*a - 122. Let x be h(4). What is the highest common factor of b and x?
14
Suppose -14*c - 13*c = 10611. Let w be 14672/c*6/(-8). What is the highest common divisor of w and 2?
2
Suppose -12*l + 248 = -508. Let v = l + -57. Let j be (-42)/(-16) + 24/64. What is the highest common divisor of v and j?
3
Let t be 36/21 - (-4)/14. Suppose -25 - 13 = -t*d. Suppose 5*v + d = 3*i, 0*i + i = 2*v + 5. Calculate the highest common factor of 13 and i.
13
Suppose 2 + 72 = u. Let i = -975 + 988. Suppose -5*m - i + 198 = 0. What is the highest common divisor of u and m?
37
Suppose 5*m + 135 = -7*z + 11*z, 111 = 4*z + 3*m. Suppose 4*f + 5*q = -8, 3*f - 4*q = -0*f + 25. Let c = f + 9. What is the greatest common divisor of c and z?
6
Suppose 7*y = 4*t + 1894, 28*y - 32*y - t + 1079 = 0. Suppose 4*w - 4*m - 120 = m, -w - 4*m + 30 = 0. Calculate the greatest common factor of w and y.
30
Let g(h) = 140*h**2 + 76*h - 1801. Let i be g(16). What is the highest common factor of i and 55?
55
Suppose 0 = -5*u + 2*p + 101, -2*p - 15 = -u + p. Suppose -2*v + u - 17 = 0. What is the highest common factor of v and 1?
1
Let m(x) = x + 77. Let y be m(-8). Suppose -3*f = 3*p - y, 3*f - 52 = -5*p + 67. Calculate the greatest common divisor of p and 325.
25
Let x(p) = -742*p**2 + 1497*p - 7. Let o be x(2). Let l(v) = v**3 + 14*v**2 - 6*v - 1. Let n be l(-6). Calculate the highest common divisor of o and n.
19
Let d = -308 + 306. Let l be (-77)/(45/(-18) - d). What is the highest common divisor of 2 and l?
2
Let q be (2 - 1)/(12/3900). Suppose 1316 = 5*l - 4*i, 50*l - 45*l + 3*i = 1288. What is the highest common factor of l and q?
65
Suppose -4*s + 9*s = 2*k - 14, 0 = 4*k + 5*s - 88. Suppose -7*z - 5202 = -24*z. Suppose 10*x - x = z. What is the highest common divisor of k and x?
17
Let k = 160 + -157. Suppose -180 = -y + 4*u, 5*y + 3*u - 355 - 499 = 0. Suppose k*i = y + 257. Calculate the greatest common factor of i and